
Let b(p) be the third derivative of p**4/12 + 11*p**3/3 + 25*p**2 + 1. Calculate b(-8).
6
Let q(z) = -z + 1. Let y be 36/8*1/((-2)/(-4)). Give q(y).
-8
Let c = 0 - 0. Let x(z) = 13*z**2 - 53*z**2 + 13*z**2 + 6 + 8*z**2 + 18*z**2. Determine x(c).
6
Let x(r) = -2*r + 8. Let h be 6/15 + 1026/(-15). Let n = 78 + h. Determine x(n).
-12
Let h be 368/(-40) + 1/5. Let i(x) = x**2 + 7*x - 6. Calculate i(h).
12
Let n be -9*((-6)/57 - 75/(-171)). Let j(c) = 2*c**2 - 5*c + 1. Let b(k) = -5*k**2 + 10*k - 1. Let t(i) = 3*b(i) + 7*j(i). What is t(n)?
10
Let w(o) be the first derivative of -15*o**3 - o**2 + o - 73. Determine w(1).
-46
Let j be 549/(-45) + (-1)/(-5). Let q be (0 + -4)*9/j. Let b(k) be the second derivative of k**3/6 + k**2 - 69*k. Determine b(q).
5
Let o(s) be the first derivative of s**2 + 8*s - 1. Let z(j) = 5*j**2 + j - 55. Let n be z(3). What is o(n)?
-6
Let z(l) = l**3 - l**2 - 5*l - 2. Let r(g) = -g**3 + 2*g**2 + 5*g + 3. Let t(p) = -4*r(p) - 3*z(p). Let x = 38 - 32. Determine t(x).
0
Suppose -l + 2*y + 2*y = 25, 0 = 4*l + 4*y. Suppose 0 = 2*f - 0*f - 2. Let a(x) = 3*x - 2*x + f + 0*x. Give a(l).
-4
Suppose -m = -2 - 5. Let u(r) be the second derivative of r**3/6 - 11*r**2/2 + 4387*r. What is u(m)?
-4
Let p(a) = a + 2. Let r be p(3). Suppose 0*t - r = -5*t. Let f(b) = -3*b + 3. Let n(w) = w**2 - 10*w + 10. Let c(k) = 7*f(k) - 2*n(k). Calculate c(t).
-2
Let h(y) = 1348*y - 2688*y - 6 + 1341*y. Calculate h(2).
-4
Suppose 7 + 25 = -4*h - 5*q, -5*h - 27 = 3*q. Let g be (21/6 + h)*0. Let t(o) be the first derivative of -o**3/3 - 4*o + 1. Determine t(g).
-4
Let i(s) = 7*s. Suppose -g + 2*q - 9 = 0, -3*q - 2*q + 35 = -5*g. What is i(g)?
-35
Let m = -12 - -16. Let n(a) = a**3 + 4*a**2 + 25 - 47 - m*a + 29. What is n(-5)?
2
Let z = 5 + -4. Let x(h) = -4*h + h - 4 - h**3 + z + 6*h**2. What is x(3)?
15
Let l(w) = w + 2. Suppose 6*z = -39 + 57. What is l(z)?
5
Let h(i) be the third derivative of 43*i**2 - 1/12*i**4 + 0*i + 0 - 2/3*i**3. Determine h(6).
-16
Suppose 7 = 13*c - 19. Suppose 2*b + 3*h = 33, 2*b - h + 5*h = 36. Suppose -c*p = p - 3*l, 2*p + 4*l + b = 0. Let a(y) = 3*y**2 + 2*y + 3. What is a(p)?
11
Suppose 105 = -27*o + 6*o. Let x(s) = 2*s**2 + 3*s - 22. Give x(o).
13
Let d(c) = -c - 1. Let r be ((-6)/9)/(2/9). Let w be (r - 1) + 10 + -9. Give d(w).
2
Suppose 18*z + 2*z - 160 = 0. Let c(v) = v**2 - 8*v - 5. What is c(z)?
-5
Let q(k) = -5*k - 5. Suppose 14 = v - 0. Let c be 4 + 5/(-10)*(v + 2). Determine q(c).
15
Let t(u) = -6*u**3 - 4*u**2 + 5*u**3 + 5*u + 385 - 390 + 0*u**2. Give t(-5).
-5
Let g = -937 + 945. Let t(m) be the third derivative of 2*m**2 - 2/15*m**5 - 1/24*m**4 + 0*m + 0*m**3 + 1/120*m**6 + 0. What is t(g)?
-8
Let g be (5/2)/5*14. Let b(i) = -g*i - 2 + 0 + 2 + i**2 + 3. Suppose 0 = -5*p + 5*a + 5, 5*p - 20 = 2*a - 0. Give b(p).
-3
Suppose 0 = 5*c - 55 + 45. Let b(m) be the third derivative of 0 - 7/3*m**3 + 8*m**c + 0*m**5 + 0*m - 1/24*m**4 + 1/120*m**6. Calculate b(0).
-14
Let a(t) = -t. Let n(g) = -g - 3. Let k be n(-7). Suppose -4 = -b - k*q, b = q - 4*q + 4. Determine a(b).
-4
Suppose -q - 1 = -7. Let o(l) be the third derivative of -l**4/24 - l**3 - 2*l**2 - 5. Determine o(q).
-12
Let m(b) = -7*b**2 + 3. Let s(d) = -d**2 - 1. Let c(o) = -m(o) - 3*s(o). Calculate c(-1).
10
Suppose 15*u - 21*u = -42. Let n(a) = 4*a + 6 - 3*a + a**2 - u*a. What is n(6)?
6
Let c = 13 + -21. Let r(l) = -l - 4. Let j be r(c). Let s = -10 + j. Let f(m) = m - 2. Determine f(s).
-8
Let c(n) = -n**3 + n**2 + 4*n + 4. Let v be c(-4). Let r = v - 73. Let x(t) = -6*t + 4. Let m(i) = i. Let j(f) = 5*m(f) + x(f). What is j(r)?
9
Let u(t) = -2*t + 3. Let h(v) = -v**3 + v**2 - 3*v + 8. Let n be h(0). Suppose r = -r + 10, 0 = -3*y + 2*r + n. Calculate u(y).
-9
Let b(t) = t**2 + 10*t + 10. Let x be b(-9). Suppose -4*g + 26 = 2*a, 3*a - 2*g = 14 + x. Let y = 3 - a. Let j(l) = l**2 + 7*l + 5. Calculate j(y).
-7
Let t be 4 - (-4)/(-4) - 3. Suppose 8*b = -32 - t. Let r(m) = -m - 2. Determine r(b).
2
Let b(k) = 3*k - 4. Let i be b(3). Let x(q) = -3 - 158*q + 1 + 7 + 156*q. What is x(i)?
-5
Let f(d) be the first derivative of d**7/840 + d**6/60 + d**5/24 + d**4/24 + 13*d**3/3 - 33. Let t(j) be the third derivative of f(j). Calculate t(-5).
1
Let w(i) be the second derivative of -5*i**4/12 + i**3/2 + 3*i**2/2 - 2*i + 24. Give w(-2).
-23
Let g(w) be the third derivative of -w**5/60 + w**4/3 + w**3/2 + 3*w**2 + 4*w. Give g(10).
-17
Let i(f) = -2*f**2 - 12*f - 10. Let h = -1143 - -1137. What is i(h)?
-10
Let t(v) be the second derivative of -v**5/20 + v**4/2 - 4*v**3/3 - 2*v**2 - 64*v. Calculate t(4).
-4
Let t(n) = -n**3 + 16. Let a(m) = -5*m + 15. Let g(h) = -2*h**2 + 24*h + 29. Let i be g(13). Let c be a(i). Give t(c).
16
Let q(p) = -5 + 1 - p + 2 - 1. Suppose 3*l + 4 + 8 = -k, 8 = -2*l + 2*k. Determine q(l).
1
Let j(b) = -b**3 - 4*b**2 + b + 1. Let u = -3 - -7. Suppose -4*c = -u*n + 12, c - 4*n - 7 = -4. What is j(c)?
21
Suppose 4*l = 3*l - 56. Suppose 3*y - 5*y = 8. Let n be l/21*(-6)/y. Let z(f) = f**2 + 2*f - 4. Give z(n).
4
Let f(z) = z - 3. Let w(q) = -2*q + 8. Let g(v) = 8*f(v) + 3*w(v). Determine g(3).
6
Let a = -4 + 10. Suppose -2*v = -2*h - 4, 2 = v + 3*h - 0. Suppose 7*b = a*b + v. Let d(c) = c**3 + c. Calculate d(b).
10
Let u(j) be the third derivative of -j**5/60 + 7*j**4/24 + 5*j**3/2 + 4*j**2 - 23. Give u(8).
7
Let u(m) be the second derivative of -m**4/12 - m**3/3 + 31*m**2/2 - 241*m. What is u(-7)?
-4
Suppose -12*b - 43 = -55. Let q(g) = -5*g**2 + 5*g - 3. Calculate q(b).
-3
Let i(x) be the first derivative of x**4/4 - 7*x**3/3 + 3*x**2/2 - 7*x + 1. Suppose -k - 2*c + 4 + 3 = 0, 0 = 4*c. What is i(k)?
14
Let w(k) = 11*k - 24. Let j(n) = -5*n + 11. Let c(i) = -9*j(i) - 4*w(i). What is c(-4)?
-7
Let s(l) be the third derivative of 36*l**2 + 1/24*l**4 + 0 + 7/6*l**3 + 0*l. What is s(6)?
13
Let k(p) = 2*p - 2. Let v be -2 - 1 - (21 + -20). Determine k(v).
-10
Let l(p) = p**3 + p + 6. Suppose -b - b + 4 = 0. Suppose 0 = 5*n - 5, -2*n = 2*i - i - b. Determine l(i).
6
Let m(k) be the first derivative of k**2 - 2*k + 1. Suppose -9*z + 86 = 32. Give m(z).
10
Let u(x) = 21*x + 11. Let p(s) = -5*s - 2. Let f(m) = -9*p(m) - 2*u(m). Let z be 2/3 + (-17)/3. Determine f(z).
-19
Suppose -41 = -j + 16. Let a(s) = -47*s - 6 + 105*s - j*s. Determine a(9).
3
Let x(j) = 4*j + 2. Suppose c - 14 = -11. Give x(c).
14
Let v(o) be the first derivative of -o**2/2 + 25*o + 446. What is v(0)?
25
Let h(t) = t**3 - 8*t**2 - 5*t + 13. Let v(q) = -q**3 + 8*q**2 + 4*q - 14. Let z(r) = -5*h(r) - 4*v(r). Calculate z(9).
-9
Let b = 0 - 9. Let j(w) = -w**2 - 9*w + 3. Let v be j(b). Let g(n) = 22*n - 2. Let k(t) = 11*t - 1. Let s(o) = v*g(o) - 7*k(o). Give s(1).
-10
Let l(t) = -4*t**2 - t + 4*t + 3*t**2 - 4. Suppose -27 = -2*h - 7*h. Give l(h).
-4
Let a(l) = -9*l + 14. Suppose i - 5*i = 24. Let d(q) = -q**3 - 6*q**2 + q - 7. Let k be d(i). Let c(w) = -4*w + 7. Let y(v) = k*c(v) + 6*a(v). Give y(-5).
3
Let j(u) = -6 - 43*u**2 - 38*u**2 - u + 6*u + 80*u**2. Suppose -l = l - 6. Suppose 4*i + 0 = -r + 1, i = l*r - 16. What is j(r)?
-6
Let b(d) = -37*d - 3. Let i(w) = 26*w + 2. Let v(a) = 5*b(a) + 7*i(a). Calculate v(8).
-25
Let x(t) = 1. Let q(d) = -d**2. Let r(f) = q(f) - 4*x(f). Determine r(0).
-4
Let b(y) be the first derivative of -y**6/360 + y**5/40 + y**4/6 - 17*y**3/3 + 10. Let t(p) be the third derivative of b(p). Calculate t(4).
0
Let z(y) = -4*y - 6. Let p(n) = n. Let b(t) = -3*p(t) - z(t). Let g = -2279 + 2273. Give b(g).
0
Let x = -608 + 609. Let o(r) = -24*r**2 - r. Determine o(x).
-25
Let a(f) be the third derivative of f**7/2520 - f**6/240 - f**5/40 + f**4/8 + 10*f**2. Let h(m) be the second derivative of a(m). Give h(3).
-3
Let t(x) be the third derivative of -x**6/360 + x**4/12 - 2*x**3 - 2*x**2. Let i(y) be the first derivative of t(y). What is i(0)?
2
Let g(h) = -h**3 - 5*h**2 + 4. Let v = -6 + 11. Let n = v - 10. Give g(n).
4
Suppose 4*a + 7 = -13. Let g(v) be the first derivative of -v**4/24 - v**3 - 2*v**2 + 7. Let n(h) be the second derivative of g(h). What is n(a)?
-1
Suppose -4*w - 2*w + 18 = 0. Let d(z) = -z**2 + 2*z + 1. What is d(w)?
-2
Let p(d) = d. Let h(j) = -j**3 + 3*j. Let w be h(-2). Suppose 2*b + 25 = w*k + 5*b, k - 3*b = -1. Give p(k).
8
Let y = 